68048.
2, 3, 16001
What are the prime factors of 237909?
3, 7, 11329
List the prime factors of 431809.
7, 61687
What are the prime factors of 531907?
79, 6733
What are the prime factors of 2352498?
2, 3, 41, 73, 131
What are the prime factors of 4501854?
2, 3, 7, 35729
List the prime factors of 1067604.
2, 3, 43, 2069
What are the prime factors of 11799548?
2, 2949887
What are the prime factors of 4081393?
4081393
List the prime factors of 2441384.
2, 11, 27743
List the prime factors of 911781.
3, 13, 7793
List the prime factors of 450981.
3, 16703
List the prime factors of 247387.
7, 59, 599
What are the prime factors of 2280092?
2, 41, 13903
List the prime factors of 601232.
2, 53, 709
List the prime factors of 16393986.
2, 3, 7, 23, 5657
List the prime factors of 19524.
2, 3, 1627
List the prime factors of 128310.
2, 3, 5, 7, 13, 47
List the prime factors of 3340473.
3, 1113491
What are the prime factors of 149415?
3, 5, 7, 1423
List the prime factors of 610965.
3, 5, 13577
What are the prime factors of 319488?
2, 3, 13
List the prime factors of 42447.
3, 14149
List the prime factors of 1013061.
3, 7, 19, 2539
What are the prime factors of 17368309?
7, 2481187
What are the prime factors of 2378137?
79, 30103
What are the prime factors of 873497?
873497
List the prime factors of 6314164.
2, 41, 38501
What are the prime factors of 322362?
2, 3, 17909
List the prime factors of 115458.
2, 3, 7, 2749
What are the prime factors of 64912?
2, 4057
What are the prime factors of 605303?
61, 9923
What are the prime factors of 307437?
3, 13, 7883
What are the prime factors of 173923?
173923
List the prime factors of 2335568.
2, 61, 2393
What are the prime factors of 5097287?
13, 392099
List the prime factors of 5391635.
5, 17, 137, 463
What are the prime factors of 599096?
2, 74887
What are the prime factors of 338624?
2, 11, 13, 37
What are the prime factors of 454773?
3, 11, 13781
What are the prime factors of 3422934?
2, 3, 397, 479
What are the prime factors of 160582?
2, 17, 4723
List the prime factors of 1009985.
5, 201997
What are the prime factors of 10958309?
10958309
List the prime factors of 9899110.
2, 5, 13, 76147
List the prime factors of 15096096.
2, 3, 23, 43, 53
What are the prime factors of 13434940?
2, 5, 191, 3517
List the prime factors of 14815753.
14815753
What are the prime factors of 7017973?
19, 431, 857
List the prime factors of 791054.
2, 11, 41, 877
What are the prime factors of 484470?
2, 3, 5, 7, 769
What are the prime factors of 13654044?
2, 3, 79, 4801
What are the prime factors of 7747622?
2, 3873811
List the prime factors of 360989.
360989
What are the prime factors of 1796235?
3, 5, 7, 17107
What are the prime factors of 3806153?
13, 37, 41, 193
List the prime factors of 3899077.
7, 13, 6121
What are the prime factors of 273974?
2, 136987
What are the prime factors of 1918528?
2, 31, 967
List the prime factors of 246574.
2, 31, 41, 97
What are the prime factors of 97010?
2, 5, 89, 109
What are the prime factors of 378772?
2, 94693
What are the prime factors of 1912640?
2, 5, 43, 139
What are the prime factors of 30895924?
2, 1733, 4457
What are the prime factors of 96931?
96931
List the prime factors of 3407069.
601, 5669
List the prime factors of 29977749.
3, 17, 241, 271
List the prime factors of 85892.
2, 109, 197
List the prime factors of 15951389.
17, 211, 4447
List the prime factors of 7859853.
3, 873317
What are the prime factors of 9977788?
2, 2494447
What are the prime factors of 3308810?
2, 5, 409, 809
List the prime factors of 496281.
3, 17, 37, 263
What are the prime factors of 3701671?
233, 15887
What are the prime factors of 302479?
131, 2309
List the prime factors of 1172362.
2, 419, 1399
List the prime factors of 4759296.
2, 3, 6197
What are the prime factors of 2629422?
2, 3, 16231
List the prime factors of 260634.
2, 3, 11, 359
What are the prime factors of 2133201?
3, 7, 101581
List the prime factors of 192560.
2, 5, 29, 83
What are the prime factors of 802138?
2, 401069
What are the prime factors of 3510887?
149, 23563
List the prime factors of 1152814.
2, 13, 101, 439
What are the prime factors of 215322?
2, 3, 17, 2111
What are the prime factors of 568916?
2, 41, 3469
List the prime factors of 1778948.
2, 17, 26161
What are the prime factors of 1457804?
2, 364451
What are the prime factors of 13087112?
2, 1635889
What are the prime factors of 1900323?
3, 19, 11113
List the prime factors of 77284.
2, 139
List the prime factors of 10877524.
2, 7, 388483
What are the prime factors of 19852961?
173, 114757
What are the prime factors of 6397994?
2, 3198997
What are the prime factors of 425776?
2, 13, 23, 89
List the prime factors of 7872917.
13, 605609
What are the prime factors of 3676582?
2, 7, 13, 20201
List the prime factors of 16447201.
191, 86111
List the prime factors of 119084.
2, 7, 4253
What are the prime factors of 2908061?
13, 223697
List the prime factors of 1583025.
3, 5, 21107
List the prime factors of 1722113.
1722113
List the prime factors of 443321.
193, 2297
List the prime factors of 622494.
2, 3, 34583
What are the prime factors of 138524?
2, 34631
What are the prime factors of 15017954?
2, 7, 1072711
List the prime factors of 203202.
2, 3, 53, 71
List the prime factors of 6047499.
3, 2015833
List the prime factors of 1555303.
673, 2311
List the prime factors of 794729.
13, 113, 541
List the prime factors of 3557259.
3, 395251
List the prime factors of 193791.
3, 13, 4969
What are the prime factors of 4190537?
13, 322349
What are the prime factors of 18535586?
2, 431, 21503
What are the prime factors of 7212899?
7212899
List the prime factors of 247421.
247421
List the prime factors of 2665813.
37, 109, 661
List the prime factors of 1627504.
2, 101719
List the prime factors of 4880812.
2, 1220203
What are the prime factors of 50390?
2, 5, 5039
List the prime factors of 328305.
3, 5, 43, 509
What are the prime factors of 1085707?
7, 43, 3607
What are the prime factors of 3808902?
2, 3, 634817
List the prime factors of 133765.
5, 31, 863
List the prime factors of 27082.
2, 11, 1231
List the prime factors of 9769884.
2, 3, 71, 11467
List the prime factors of 219456.
2, 3, 127
What are the prime factors of 3513200?
2, 5, 8783
What are the prime factors of 346401?
3, 11, 3499
What are the prime factors of 2489812?
2, 13, 47881
What are the prime factors of 27794?
2, 13, 1069
What are the prime factors of 2070974?
2, 17, 3583
List the prime factors of 12335804.
2, 13, 157, 1511
List the prime factors of 314650.
2, 5, 7, 29, 31
List the prime factors of 315668.
2, 53, 1489
What are the prime factors of 633788?
2, 23, 83
What are the prime factors of 431080?
2, 5, 13, 829
What are the prime factors of 723111?
3, 241037
What are the prime factors of 561060?
2, 3, 5, 1039
What are the prime factors of 1128392?
2, 17, 8297
List the prime factors of 26388324.
2, 3, 733009
List the prime factors of 239977.
239977
List the prime factors of 2764785.
3, 5, 19, 89, 109
What are the prime factors of 2326158?
2, 3, 83, 173
List the prime factors of 67263.
3, 7, 3203
What are the prime factors of 1948648?
2, 13, 41, 457
List the prime factors of 403286.
2, 13, 15511
List the prime factors of 21483140.
2, 5, 7, 173, 887
List the prime factors of 4179789.
3, 154807
What are the prime factors of 418949?
43, 9743
What are the prime factors of 106432?
2, 1663
List the prime factors of 232584.
2, 3, 11, 881
What are the prime factors of 556877?
97, 5741
What are the prime factors of 264506?
2, 11, 1093
List the prime factors of 107165.
5, 21433
What are the prime factors of 5991564?
2, 3, 223, 2239
List the prime factors of 13841730.
2, 3, 5, 7, 127, 173
What are the prime factors of 2082165?
3, 5, 127, 1093
List the prime factors of 2141249.
11, 194659
What are the prime factors of 115826?
2, 29, 1997
List the prime factors of 354670.
2, 5, 29, 1223
List the prime factors of 4235475.
3, 5, 56473
List the prime factors of 4685168.
2, 443, 661
List the prime factors of 7079332.
2, 13, 109, 1249
What are the prime factors of 147452?
2, 191, 193
What are the prime factors of 315347?
97, 3251
List the prime factors of 2692773.
3, 299197
List the prime factors of 383694.
2, 3, 63949
List the prime factors o